t is the remainder when m is divided by r?
8
What is the remainder when (2/3)/(-6*4/(-6372)) is divided by 30?
27
Let y(n) be the first derivative of -n**4/4 - n**3/3 - n**2 + 9*n + 24. Calculate the remainder when 22 is divided by y(0).
4
Let n(x) = -x**2 - 5*x + 1. Let y be (-8 - -5)/(1/2). Let l be n(y). Calculate the remainder when (l + 3)/(2/(-10)) is divided by 6.
4
Suppose -5*f + 6 = -109. Let t = 53 - f. Let h(g) = -g**3 - 5*g**2 - g + 6. What is the remainder when t is divided by h(-5)?
8
Let r(k) = -k**3 - 5*k**2 - 5*k + 2. Calculate the remainder when 242 is divided by r(-5).
26
Suppose -c + 298 = -713. Calculate the remainder when c is divided by 44.
43
Let y(m) = -m**3 - 5*m**2 + 10. Let g be y(-7). Suppose -5*t = -8*t + g. What is the remainder when 107 is divided by t?
35
Let u be (-795)/(-18) + 5/(-30). What is the remainder when ((-121)/u)/(22/24 - 1) is divided by 9?
6
Let b(k) = 15*k**2 - k + 5. What is the remainder when b(-3) is divided by 44?
11
Suppose 5*b + 0*o = -5*o + 35, -3*o = 2*b - 16. Suppose -2*f = -k - 87, -b*k + 13 + 2 = 0. Calculate the remainder when f is divided by (3 + -9)/((-6)/16).
13
Suppose 2*j + 4*g = 0, 3*j - 4*j + 2*g = 20. Let f(d) = -d**2 - 12*d - 7. Let u be f(j). Calculate the remainder when (u - -3) + 1/1 is divided by 6.
5
Calculate the remainder when 257 is divided by (69/46)/(1*(-3)/(-26)).
10
Suppose -2*x = 5*w - 32, -3*x + 15 = w - 7. Let f = 8 - -23. Suppose 2*c - 2*v - 3*v = f, 5 = 5*c + 2*v. Calculate the remainder when x is divided by c.
0
Let k be 2/2*(5 + -10). Let d be (k/2 - -3)*0. Calculate the remainder when 38 is divided by (-4)/8*d + 13.
12
Let p(w) = 10*w**2 - 4*w - 9. Let u(j) = 35*j**3 - 2*j**2 + 2*j - 1. Calculate the remainder when p(-4) is divided by u(1).
31
Let v(s) be the third derivative of s**5/12 - 37*s**4/24 + s**3 + s**2 + 2. What is the remainder when 57 is divided by v(8)?
27
Suppose -t + 6*t - 20 = -5*p, -2*t - 3*p = -10. What is the remainder when 28 is divided by (6 - (-238)/63) + t/9?
8
Let i(u) = u**2 + 7*u - 6. Let m be i(-6). Let l = 15 - m. What is the remainder when 51 is divided by l?
24
Suppose 8*o - 8 = 4*o. Calculate the remainder when 2/4*4 - 116/116 is divided by 1/o*(-1 - -3).
0
Let c = -3 - 32. Let n = -80 - c. Let r = -19 - n. What is the remainder when r is divided by 15?
11
Calculate the remainder when (-2 - 3)/(5/(-70)) is divided by 12.
10
Let n(i) = -34*i - 175. What is the remainder when n(-13) is divided by 116?
35
Let s = 846 - 839. What is the remainder when (-876)/(-28) - (-4)/(-14) is divided by s?
3
Let r(l) = 274*l + 8230. Suppose 5*f - 10 = 0, -4*y + y + f + 226 = 0. Calculate the remainder when y is divided by r(-30).
6
Suppose -10 = -5*c + 2*r, 18 = -c + 4*r + 2. Suppose -3*d = 3*q - 42, -7 = -2*q + 3. Calculate the remainder when d is divided by c.
1
Let t(k) = k**2 + 9*k - 29. Let w = -28 + 16. What is the remainder when 19 is divided by t(w)?
5
Let m(z) = z**3 + 10*z**2 + 11*z + 3. What is the remainder when 438 is divided by m(-2)?
9
Suppose 9*l - 2*l + 42 = 0. Let x be (-3)/6 - 21/l. Suppose 2*f = 2*j - 3*j + 13, -x*f - 3 = 0. What is the remainder when 29 is divided by j?
14
Let x(p) = -2*p**2 + 8*p + 7. Let j = -17 - -25. Let f be x(j). Let v = -34 - f. Calculate the remainder when v is divided by 7.
2
Let r = 23 + -15. Let p be (38/r)/((-2)/8). Let m = 23 + p. What is the remainder when 6 is divided by m?
2
Suppose 0 = 2*x, j + x - 50 - 14 = 0. What is the remainder when 214 is divided by j?
22
Let s = -1793 + 1870. What is the remainder when 458 is divided by s?
73
Let o = -60 - -102. Suppose -5*y + 71 = 4*r, -2*y = r - 25 - 1. Calculate the remainder when o is divided by y.
9
Suppose 3*f - 2*b + 7 = 0, -5*b + b + 4 = 4*f. Calculate the remainder when 208 - f - (3 - 7) is divided by 43.
41
Suppose -3*w = 3*d + 2*d - 29, -4*w - 8 = -5*d. Let j = -69 + 56. Let o(p) = -p**3 - 13*p**2 - p - 6. Calculate the remainder when o(j) is divided by d.
3
Suppose 5*m = y - 1, -3*y - m - 2*m + 39 = 0. Let o = 49 - y. What is the remainder when 0 + -3 - 76*-1 is divided by o?
35
Suppose -42*q + 24 = -438. Calculate the remainder when 90 is divided by q.
2
Let w be 9*((-40)/(-12) - 3). Calculate the remainder when (-52 - 0)*w/(-12) is divided by 7.
6
Let f(x) = 20*x**2 - 3*x + x - 2 + 1 + 5*x. Let h(y) = 2*y**3 + 42*y**2 - 4*y - 62. Calculate the remainder when f(2) is divided by h(-21).
19
What is the remainder when 49 is divided by 219/17 - 10/510*-6?
10
Let v(j) = 52*j + 1. Let h(b) = 3*b**3 + 2*b**2 + 64*b - 127. Calculate the remainder when v(5) is divided by h(2).
30
Suppose 18*p + 812 = 46*p. What is the remainder when 635 is divided by p?
26
Let q = -22 - -2. Let a be (2 + (-15)/6)*q. Suppose 30 = -7*h + a*h. Calculate the remainder when 17 is divided by h.
7
Suppose 0 = -4*u + 59 + 29. Suppose 5*d - 103 = u. Calculate the remainder when d is divided by 15.
10
Suppose -1625*f + 1622*f = -114. What is the remainder when f is divided by 13?
12
Suppose -14*b + 1152 + 164 = 0. Calculate the remainder when b is divided by 32.
30
Suppose 6*f = f + 65. Suppose -63*g + 1017 + 1125 = 0. What is the remainder when g is divided by f?
8
Let x = -91 + 90. What is the remainder when 74 is divided by 4 + x*(-12 + -5)?
11
Let j(h) = h**2 - 10*h - 7. Suppose 2*q - 1 = -y + 1, 49 = 2*y - 5*q. What is the remainder when 45 is divided by j(y)?
11
Let k(g) = 544*g**3 + 3*g**2 - 5*g + 1. Calculate the remainder when k(1) is divided by 42.
39
Suppose 508 + 648 = 68*d. What is the remainder when 185 is divided by d?
15
Let b = 8 + 19. Let p be 6/((36/(-8))/3). Calculate the remainder when ((-2)/p)/((-9)/(-1422)) is divided by b.
25
Let h(o) = 4*o - 28. Let r be h(8). Suppose -2*s + 29 = 5*u, -r*s = -2*u - 5 - 17. What is the remainder when s is divided by 5?
2
What is the remainder when (-8)/(-44) + (-2681)/(-77) is divided by 32?
3
Let m = -158 - -530. What is the remainder when m is divided by 47?
43
Let z = 189 - 141. Suppose -z = -14*a + 11*a. What is the remainder when a is divided by 9?
7
Let h(f) = -f**3 + 9*f**2 - 7*f + 1. Let i be h(8). Suppose 0 = i*k + 5*k - 98. What is the remainder when k is divided by 3?
1
Suppose 0 = -44*x - 14*x + 638. Calculate the remainder when x is divided by 5.
1
Let s(c) = 28 - 3*c + 4*c - 10. Suppose 3*i - l + 4*l = -21, 3*i + 17 = l. What is the remainder when 35 is divided by s(i)?
11
Suppose -3*o - 1 = -y, -o + 6*o = 3*y + 1. Let d = 7 + y. Suppose -d*s + 17 = h, -3*h - 5*s - 6 = -27. Calculate the remainder when 7 is divided by h.
1
Suppose -143 = 23*t - 3869. Calculate the remainder when t is divided by 75.
12
Let k(u) = -u**2 + u + 5. Let a be k(2). Suppose a*n = s + 213, -3*n - 2*n = -2*s - 355. What is the remainder when n is divided by 24?
23
What is the remainder when ((-366)/3)/(-3 + 7/3) is divided by 31?
28
Let h be -3 + 3 - (-2 + 2). Suppose 44 = -5*i - h*z + 3*z, 2*z + 4 = 0. Calculate the remainder when 57 is divided by i/8*(-9 - 3).
12
Let w = 74 - 44. Let r(q) be the first derivative of 19*q**2/2 - 6*q - 16. What is the remainder when r(5) is divided by w?
29
Suppose 6*k - k = z - 86, -k + 210 = 3*z. Calculate the remainder when z is divided by 50.
21
Calculate the remainder when 11/(-44)*1 - 5626/(-8) is divided by 101.
97
Let y = 3 - 10. Let p = y + 21. Let k = p - -8. Calculate the remainder when 87 is divided by k.
21
Let g(o) = o**2 - 4*o + 9. What is the remainder when 221 is divided by g(10)?
14
What is the remainder when 242 is divided by -1155*17/(-459) + 2/9?
27
Let m(c) = 2*c + 5. Let u be m(10). Suppose 4*f - 3*h - 22 - u = 0, -2*f - 3*h + 19 = 0. What is the remainder when 43 is divided by f?
10
Suppose p + 2*z = 62 - 34, 4*p - 112 = 4*z. Calculate the remainder when p is divided by 20.
8
Suppose 4*f + 6 = -3*j, 2*j - 7*j = -5*f - 25. Let a(p) = -p**2 + 5*p + 1 + p**j + 1 + 3*p**2. What is the remainder when 54 is divided by a(-3)?
12
Suppose 100 = -3*a + 490. What is the remainder when a is divided by 6?
4
Let s(h) = -2*h - 4. Let w be s(-2). Calculate the remainder when w/6 - (2 - 28) is divided by -2 - (-17 + (2 - 1)).
12
Suppose 4*r - 238 = 266. What is the remainder when r is divided by 8?
6
Suppose 3*k - 8 + 5 = 0. Calculate the remainder when 46*k - (3 + -5) is divided by